{"id":10107,"date":"2024-07-18T18:40:01","date_gmt":"2024-07-18T16:40:01","guid":{"rendered":"https:\/\/www.cheminsdereves.fr\/?post_type=product&#038;p=10107"},"modified":"2026-03-18T19:04:49","modified_gmt":"2026-03-18T18:04:49","slug":"murs-bas-en-kit-moellons","status":"publish","type":"product","link":"https:\/\/www.cheminsdereves.fr\/index.php\/produit\/murs-bas-en-kit-moellons\/","title":{"rendered":"Murs bas en kit &#8211; moellons"},"content":{"rendered":"<p>Cet article permet de fabriquer des murs en moellons \u00e0 la carte selon vos besoins de longueurs.<\/p>\n<p>Il est compos\u00e9 :<\/p>\n<ul>\n<li>d&rsquo;un set de carton de 0,75 mm d&rsquo;\u00e9paisseur sur lequel sont grav\u00e9s et pr\u00e9-d\u00e9coup\u00e9s l&rsquo;appareillage en moellons,<\/li>\n<li>d&rsquo;un set de 1 mm d&rsquo;\u00e9paisseur pour les pierres de parement.<\/li>\n<\/ul>\n<p>Le pr\u00e9 d\u00e9coupage assure une parfaite imbrication des diff\u00e9rents \u00e9l\u00e9ments. La l\u00e9g\u00e8re diff\u00e9rence d&rsquo;\u00e9paisseur permet de mieux mettre en \u00e9vidence les pierres de parement de la fa\u00e7ade pour plus de r\u00e9alisme. Cet article devra \u00eatre coll\u00e9 sur un support rigide. Nous vous recommandons d&rsquo;utiliser un support de 3 mm d&rsquo;\u00e9paisseur pour la r\u00e9alisation d&rsquo;une seule fa\u00e7ade de mur et un support de 2 mm pour la r\u00e9alisation d&rsquo;un mur recto &#8211; verso.<\/p>\n<p>Le set de 0,75 mm comporte en plus un entourage pr\u00e9 d\u00e9coup\u00e9.<\/p>\n<p>La hauteur du mur termin\u00e9 avec l&rsquo;entourage est de 10 mm \u00e0 l&rsquo;\u00e9chelle 1\/87 soit 87 cms \u00e0 l&rsquo;\u00e9chelle r\u00e9elle. Il pourra \u00eatre utilis\u00e9 tel quel en guise de muret ou \u00e9ventuellement, \u00eatre surmont\u00e9 d&rsquo;une petite rambarde m\u00e9tallique (non fournie).<\/p>\n<p>Nous vous proposons deux variantes :<\/p>\n<ul>\n<li>une premi\u00e8re variante avec 10 \u00e9l\u00e9ments de moellons et les pierres de parements associ\u00e9es permettant de fabriquer jusqu&rsquo;\u00e0 47 cms de mur (mur sur une seule face) ou 24 cms de mur (mur recto &#8211; verso) ;<\/li>\n<li>une deuxi\u00e8me variante avec 20 \u00e9l\u00e9ments de moellons et les pierres de parements associ\u00e9es permettant de fabriquer jusqu&rsquo;\u00e0 93 cms de mur (mur sur une seule face) ou 47 cms de mur (mur recto &#8211; verso).<\/li>\n<\/ul>\n<p>Bien entendu, vous pouvez utiliser le nombre de longueurs que vous souhaitez. Vous n&rsquo;aurez besoin que d&rsquo;un cutter et de colle blanche.<\/p>\n<p>Cet article gagnera \u00e0 \u00eatre peint et patin\u00e9 avec des peintures acryliques de votre choix pour tendre \u00e0 encore plus de r\u00e9alisme. Vous pouvez consulter la mise en \u0153uvre de ce produit sur <a href=\"https:\/\/www.cheminsdereves.fr\/index.php\/support\/\"><strong>cette page<\/strong><\/a>.<\/p>\n<p><strong>Produit cr\u00e9\u00e9, prototyp\u00e9, industrialis\u00e9 et fabriqu\u00e9 en France<\/strong><\/p>\n<p>&nbsp;<\/p>\n","protected":false},"excerpt":{"rendered":"<p>Cet article permet de fabriquer des murs en moellons \u00e0 la carte selon vos besoins de longueurs. Il est compos\u00e9 : d&rsquo;un set de carton de 0,75 mm d&rsquo;\u00e9paisseur sur lequel sont grav\u00e9s et pr\u00e9-d\u00e9coup\u00e9s l&rsquo;appareillage en moellons, d&rsquo;un set de 1 mm d&rsquo;\u00e9paisseur pour les pierres de parement. Le pr\u00e9 d\u00e9coupage assure une parfaite [&hellip;]<\/p>\n","protected":false},"featured_media":10110,"comment_status":"open","ping_status":"closed","template":"","meta":{"ocean_post_layout":"","ocean_both_sidebars_style":"","ocean_both_sidebars_content_width":0,"ocean_both_sidebars_sidebars_width":0,"ocean_sidebar":"0","ocean_second_sidebar":"0","ocean_disable_margins":"enable","ocean_add_body_class":"","ocean_shortcode_before_top_bar":"","ocean_shortcode_after_top_bar":"","ocean_shortcode_before_header":"","ocean_shortcode_after_header":"","ocean_has_shortcode":"","ocean_shortcode_after_title":"","ocean_shortcode_before_footer_widgets":"","ocean_shortcode_after_footer_widgets":"","ocean_shortcode_before_footer_bottom":"","ocean_shortcode_after_footer_bottom":"","ocean_display_top_bar":"default","ocean_display_header":"default","ocean_header_style":"","ocean_center_header_left_menu":"0","ocean_custom_header_template":"0","ocean_custom_logo":0,"ocean_custom_retina_logo":0,"ocean_custom_logo_max_width":0,"ocean_custom_logo_tablet_max_width":0,"ocean_custom_logo_mobile_max_width":0,"ocean_custom_logo_max_height":0,"ocean_custom_logo_tablet_max_height":0,"ocean_custom_logo_mobile_max_height":0,"ocean_header_custom_menu":"0","ocean_menu_typo_font_family":"0","ocean_menu_typo_font_subset":"","ocean_menu_typo_font_size":0,"ocean_menu_typo_font_size_tablet":0,"ocean_menu_typo_font_size_mobile":0,"ocean_menu_typo_font_size_unit":"px","ocean_menu_typo_font_weight":"","ocean_menu_typo_font_weight_tablet":"","ocean_menu_typo_font_weight_mobile":"","ocean_menu_typo_transform":"","ocean_menu_typo_transform_tablet":"","ocean_menu_typo_transform_mobile":"","ocean_menu_typo_line_height":0,"ocean_menu_typo_line_height_tablet":0,"ocean_menu_typo_line_height_mobile":0,"ocean_menu_typo_line_height_unit":"","ocean_menu_typo_spacing":0,"ocean_menu_typo_spacing_tablet":0,"ocean_menu_typo_spacing_mobile":0,"ocean_menu_typo_spacing_unit":"","ocean_menu_link_color":"","ocean_menu_link_color_hover":"","ocean_menu_link_color_active":"","ocean_menu_link_background":"","ocean_menu_link_hover_background":"","ocean_menu_link_active_background":"","ocean_menu_social_links_bg":"","ocean_menu_social_hover_links_bg":"","ocean_menu_social_links_color":"","ocean_menu_social_hover_links_color":"","ocean_disable_title":"default","ocean_disable_heading":"default","ocean_post_title":"","ocean_post_subheading":"","ocean_post_title_style":"","ocean_post_title_background_color":"","ocean_post_title_background":0,"ocean_post_title_bg_image_position":"","ocean_post_title_bg_image_attachment":"","ocean_post_title_bg_image_repeat":"","ocean_post_title_bg_image_size":"","ocean_post_title_height":0,"ocean_post_title_bg_overlay":0.5,"ocean_post_title_bg_overlay_color":"","ocean_disable_breadcrumbs":"default","ocean_breadcrumbs_color":"","ocean_breadcrumbs_separator_color":"","ocean_breadcrumbs_links_color":"","ocean_breadcrumbs_links_hover_color":"","ocean_display_footer_widgets":"default","ocean_display_footer_bottom":"default","ocean_custom_footer_template":"0"},"product_brand":[],"product_cat":[77,81],"product_tag":[55,54,56,53],"class_list":{"0":"post-10107","1":"product","2":"type-product","3":"status-publish","4":"has-post-thumbnail","6":"product_cat-fabrique-en-france","7":"product_cat-murs-en-kit","8":"product_tag-environnement-ferroviaire-ou-industriel","9":"product_tag-environnement-rural","10":"product_tag-environnement-urbain","11":"product_tag-tout-type-denvironnement","13":"entry","14":"has-media","16":"first","17":"instock","18":"taxable","19":"shipping-taxable","20":"purchasable","21":"product-type-variable","22":"has-product-nav","23":"col","24":"span_1_of_4","25":"owp-content-center","26":"owp-thumbs-layout-horizontal","27":"owp-btn-normal","28":"owp-tabs-layout-horizontal"},"yoast_head":"<!-- This site is optimized with the Yoast SEO plugin v27.3 - https:\/\/yoast.com\/product\/yoast-seo-wordpress\/ -->\n<title>Murs bas en kit - moellons - Chemins de R\u00eaves<\/title>\n<meta name=\"description\" content=\"Des \u00e9l\u00e9ments de murs et de pierres de parements \u00e0 assembler selon vos besoins finement grav\u00e9s et d\u00e9coup\u00e9s au laser\" \/>\n<meta name=\"robots\" content=\"index, follow, max-snippet:-1, max-image-preview:large, max-video-preview:-1\" \/>\n<link rel=\"canonical\" href=\"https:\/\/www.cheminsdereves.fr\/index.php\/produit\/murs-bas-en-kit-moellons\/\" \/>\n<meta property=\"og:locale\" content=\"fr_FR\" \/>\n<meta property=\"og:type\" content=\"article\" \/>\n<meta property=\"og:title\" content=\"Murs bas en kit - moellons - Chemins de R\u00eaves\" \/>\n<meta property=\"og:description\" content=\"Des \u00e9l\u00e9ments de murs et de pierres de parements \u00e0 assembler selon vos besoins finement grav\u00e9s et d\u00e9coup\u00e9s au laser\" \/>\n<meta property=\"og:url\" content=\"https:\/\/www.cheminsdereves.fr\/index.php\/produit\/murs-bas-en-kit-moellons\/\" \/>\n<meta property=\"og:site_name\" content=\"Chemins de R\u00eaves\" \/>\n<meta property=\"article:modified_time\" content=\"2026-03-18T18:04:49+00:00\" \/>\n<meta property=\"og:image\" content=\"https:\/\/www.cheminsdereves.fr\/wp-content\/uploads\/2024\/07\/Image-produit-mur-en-kit-bas-moellons-rotated.jpg\" \/>\n\t<meta property=\"og:image:width\" content=\"320\" \/>\n\t<meta property=\"og:image:height\" content=\"320\" \/>\n\t<meta property=\"og:image:type\" content=\"image\/jpeg\" \/>\n<meta name=\"twitter:card\" content=\"summary_large_image\" \/>\n<meta name=\"twitter:label1\" content=\"Dur\u00e9e de lecture estim\u00e9e\" \/>\n\t<meta name=\"twitter:data1\" content=\"2 minutes\" \/>\n<script type=\"application\/ld+json\" class=\"yoast-schema-graph\">{\"@context\":\"https:\\\/\\\/schema.org\",\"@graph\":[{\"@type\":\"WebPage\",\"@id\":\"https:\\\/\\\/www.cheminsdereves.fr\\\/index.php\\\/produit\\\/murs-bas-en-kit-moellons\\\/\",\"url\":\"https:\\\/\\\/www.cheminsdereves.fr\\\/index.php\\\/produit\\\/murs-bas-en-kit-moellons\\\/\",\"name\":\"Murs bas en kit - moellons - Chemins de R\u00eaves\",\"isPartOf\":{\"@id\":\"https:\\\/\\\/www.cheminsdereves.fr\\\/#website\"},\"primaryImageOfPage\":{\"@id\":\"https:\\\/\\\/www.cheminsdereves.fr\\\/index.php\\\/produit\\\/murs-bas-en-kit-moellons\\\/#primaryimage\"},\"image\":{\"@id\":\"https:\\\/\\\/www.cheminsdereves.fr\\\/index.php\\\/produit\\\/murs-bas-en-kit-moellons\\\/#primaryimage\"},\"thumbnailUrl\":\"https:\\\/\\\/www.cheminsdereves.fr\\\/wp-content\\\/uploads\\\/2024\\\/07\\\/Image-produit-mur-en-kit-bas-moellons-rotated.jpg\",\"datePublished\":\"2024-07-18T16:40:01+00:00\",\"dateModified\":\"2026-03-18T18:04:49+00:00\",\"description\":\"Des \u00e9l\u00e9ments de murs et de pierres de parements \u00e0 assembler selon vos besoins finement grav\u00e9s et d\u00e9coup\u00e9s au laser\",\"breadcrumb\":{\"@id\":\"https:\\\/\\\/www.cheminsdereves.fr\\\/index.php\\\/produit\\\/murs-bas-en-kit-moellons\\\/#breadcrumb\"},\"inLanguage\":\"fr-FR\",\"potentialAction\":[{\"@type\":\"ReadAction\",\"target\":[\"https:\\\/\\\/www.cheminsdereves.fr\\\/index.php\\\/produit\\\/murs-bas-en-kit-moellons\\\/\"]}]},{\"@type\":\"ImageObject\",\"inLanguage\":\"fr-FR\",\"@id\":\"https:\\\/\\\/www.cheminsdereves.fr\\\/index.php\\\/produit\\\/murs-bas-en-kit-moellons\\\/#primaryimage\",\"url\":\"https:\\\/\\\/www.cheminsdereves.fr\\\/wp-content\\\/uploads\\\/2024\\\/07\\\/Image-produit-mur-en-kit-bas-moellons-rotated.jpg\",\"contentUrl\":\"https:\\\/\\\/www.cheminsdereves.fr\\\/wp-content\\\/uploads\\\/2024\\\/07\\\/Image-produit-mur-en-kit-bas-moellons-rotated.jpg\",\"width\":320,\"height\":320},{\"@type\":\"BreadcrumbList\",\"@id\":\"https:\\\/\\\/www.cheminsdereves.fr\\\/index.php\\\/produit\\\/murs-bas-en-kit-moellons\\\/#breadcrumb\",\"itemListElement\":[{\"@type\":\"ListItem\",\"position\":1,\"name\":\"Accueil\",\"item\":\"https:\\\/\\\/www.cheminsdereves.fr\\\/\"},{\"@type\":\"ListItem\",\"position\":2,\"name\":\"Boutique\",\"item\":\"https:\\\/\\\/www.cheminsdereves.fr\\\/index.php\\\/boutique-articles-modelisme-ferroviaire\\\/\"},{\"@type\":\"ListItem\",\"position\":3,\"name\":\"Murs bas en kit &#8211; moellons\"}]},{\"@type\":\"WebSite\",\"@id\":\"https:\\\/\\\/www.cheminsdereves.fr\\\/#website\",\"url\":\"https:\\\/\\\/www.cheminsdereves.fr\\\/\",\"name\":\"Chemins de R\u00eaves\",\"description\":\"Un site consacr\u00e9 au mod\u00e9lisme ferroviaire\",\"publisher\":{\"@id\":\"https:\\\/\\\/www.cheminsdereves.fr\\\/#organization\"},\"potentialAction\":[{\"@type\":\"SearchAction\",\"target\":{\"@type\":\"EntryPoint\",\"urlTemplate\":\"https:\\\/\\\/www.cheminsdereves.fr\\\/?s={search_term_string}\"},\"query-input\":{\"@type\":\"PropertyValueSpecification\",\"valueRequired\":true,\"valueName\":\"search_term_string\"}}],\"inLanguage\":\"fr-FR\"},{\"@type\":\"Organization\",\"@id\":\"https:\\\/\\\/www.cheminsdereves.fr\\\/#organization\",\"name\":\"Chemins de R\u00eaves\",\"url\":\"https:\\\/\\\/www.cheminsdereves.fr\\\/\",\"logo\":{\"@type\":\"ImageObject\",\"inLanguage\":\"fr-FR\",\"@id\":\"https:\\\/\\\/www.cheminsdereves.fr\\\/#\\\/schema\\\/logo\\\/image\\\/\",\"url\":\"https:\\\/\\\/www.cheminsdereves.fr\\\/wp-content\\\/uploads\\\/2023\\\/05\\\/LogoBandeau.png\",\"contentUrl\":\"https:\\\/\\\/www.cheminsdereves.fr\\\/wp-content\\\/uploads\\\/2023\\\/05\\\/LogoBandeau.png\",\"width\":4871,\"height\":1000,\"caption\":\"Chemins de R\u00eaves\"},\"image\":{\"@id\":\"https:\\\/\\\/www.cheminsdereves.fr\\\/#\\\/schema\\\/logo\\\/image\\\/\"}}]}<\/script>\n<!-- \/ Yoast SEO plugin. -->","yoast_head_json":{"title":"Murs bas en kit - moellons - Chemins de R\u00eaves","description":"Des \u00e9l\u00e9ments de murs et de pierres de parements \u00e0 assembler selon vos besoins finement grav\u00e9s et d\u00e9coup\u00e9s au laser","robots":{"index":"index","follow":"follow","max-snippet":"max-snippet:-1","max-image-preview":"max-image-preview:large","max-video-preview":"max-video-preview:-1"},"canonical":"https:\/\/www.cheminsdereves.fr\/index.php\/produit\/murs-bas-en-kit-moellons\/","og_locale":"fr_FR","og_type":"article","og_title":"Murs bas en kit - moellons - Chemins de R\u00eaves","og_description":"Des \u00e9l\u00e9ments de murs et de pierres de parements \u00e0 assembler selon vos besoins finement grav\u00e9s et d\u00e9coup\u00e9s au laser","og_url":"https:\/\/www.cheminsdereves.fr\/index.php\/produit\/murs-bas-en-kit-moellons\/","og_site_name":"Chemins de R\u00eaves","article_modified_time":"2026-03-18T18:04:49+00:00","og_image":[{"width":320,"height":320,"url":"https:\/\/www.cheminsdereves.fr\/wp-content\/uploads\/2024\/07\/Image-produit-mur-en-kit-bas-moellons-rotated.jpg","type":"image\/jpeg"}],"twitter_card":"summary_large_image","twitter_misc":{"Dur\u00e9e de lecture estim\u00e9e":"2 minutes"},"schema":{"@context":"https:\/\/schema.org","@graph":[{"@type":"WebPage","@id":"https:\/\/www.cheminsdereves.fr\/index.php\/produit\/murs-bas-en-kit-moellons\/","url":"https:\/\/www.cheminsdereves.fr\/index.php\/produit\/murs-bas-en-kit-moellons\/","name":"Murs bas en kit - moellons - Chemins de R\u00eaves","isPartOf":{"@id":"https:\/\/www.cheminsdereves.fr\/#website"},"primaryImageOfPage":{"@id":"https:\/\/www.cheminsdereves.fr\/index.php\/produit\/murs-bas-en-kit-moellons\/#primaryimage"},"image":{"@id":"https:\/\/www.cheminsdereves.fr\/index.php\/produit\/murs-bas-en-kit-moellons\/#primaryimage"},"thumbnailUrl":"https:\/\/www.cheminsdereves.fr\/wp-content\/uploads\/2024\/07\/Image-produit-mur-en-kit-bas-moellons-rotated.jpg","datePublished":"2024-07-18T16:40:01+00:00","dateModified":"2026-03-18T18:04:49+00:00","description":"Des \u00e9l\u00e9ments de murs et de pierres de parements \u00e0 assembler selon vos besoins finement grav\u00e9s et d\u00e9coup\u00e9s au laser","breadcrumb":{"@id":"https:\/\/www.cheminsdereves.fr\/index.php\/produit\/murs-bas-en-kit-moellons\/#breadcrumb"},"inLanguage":"fr-FR","potentialAction":[{"@type":"ReadAction","target":["https:\/\/www.cheminsdereves.fr\/index.php\/produit\/murs-bas-en-kit-moellons\/"]}]},{"@type":"ImageObject","inLanguage":"fr-FR","@id":"https:\/\/www.cheminsdereves.fr\/index.php\/produit\/murs-bas-en-kit-moellons\/#primaryimage","url":"https:\/\/www.cheminsdereves.fr\/wp-content\/uploads\/2024\/07\/Image-produit-mur-en-kit-bas-moellons-rotated.jpg","contentUrl":"https:\/\/www.cheminsdereves.fr\/wp-content\/uploads\/2024\/07\/Image-produit-mur-en-kit-bas-moellons-rotated.jpg","width":320,"height":320},{"@type":"BreadcrumbList","@id":"https:\/\/www.cheminsdereves.fr\/index.php\/produit\/murs-bas-en-kit-moellons\/#breadcrumb","itemListElement":[{"@type":"ListItem","position":1,"name":"Accueil","item":"https:\/\/www.cheminsdereves.fr\/"},{"@type":"ListItem","position":2,"name":"Boutique","item":"https:\/\/www.cheminsdereves.fr\/index.php\/boutique-articles-modelisme-ferroviaire\/"},{"@type":"ListItem","position":3,"name":"Murs bas en kit &#8211; moellons"}]},{"@type":"WebSite","@id":"https:\/\/www.cheminsdereves.fr\/#website","url":"https:\/\/www.cheminsdereves.fr\/","name":"Chemins de R\u00eaves","description":"Un site consacr\u00e9 au mod\u00e9lisme ferroviaire","publisher":{"@id":"https:\/\/www.cheminsdereves.fr\/#organization"},"potentialAction":[{"@type":"SearchAction","target":{"@type":"EntryPoint","urlTemplate":"https:\/\/www.cheminsdereves.fr\/?s={search_term_string}"},"query-input":{"@type":"PropertyValueSpecification","valueRequired":true,"valueName":"search_term_string"}}],"inLanguage":"fr-FR"},{"@type":"Organization","@id":"https:\/\/www.cheminsdereves.fr\/#organization","name":"Chemins de R\u00eaves","url":"https:\/\/www.cheminsdereves.fr\/","logo":{"@type":"ImageObject","inLanguage":"fr-FR","@id":"https:\/\/www.cheminsdereves.fr\/#\/schema\/logo\/image\/","url":"https:\/\/www.cheminsdereves.fr\/wp-content\/uploads\/2023\/05\/LogoBandeau.png","contentUrl":"https:\/\/www.cheminsdereves.fr\/wp-content\/uploads\/2023\/05\/LogoBandeau.png","width":4871,"height":1000,"caption":"Chemins de R\u00eaves"},"image":{"@id":"https:\/\/www.cheminsdereves.fr\/#\/schema\/logo\/image\/"}}]}},"_links":{"self":[{"href":"https:\/\/www.cheminsdereves.fr\/index.php\/wp-json\/wp\/v2\/product\/10107","targetHints":{"allow":["GET"]}}],"collection":[{"href":"https:\/\/www.cheminsdereves.fr\/index.php\/wp-json\/wp\/v2\/product"}],"about":[{"href":"https:\/\/www.cheminsdereves.fr\/index.php\/wp-json\/wp\/v2\/types\/product"}],"replies":[{"embeddable":true,"href":"https:\/\/www.cheminsdereves.fr\/index.php\/wp-json\/wp\/v2\/comments?post=10107"}],"wp:featuredmedia":[{"embeddable":true,"href":"https:\/\/www.cheminsdereves.fr\/index.php\/wp-json\/wp\/v2\/media\/10110"}],"wp:attachment":[{"href":"https:\/\/www.cheminsdereves.fr\/index.php\/wp-json\/wp\/v2\/media?parent=10107"}],"wp:term":[{"taxonomy":"product_brand","embeddable":true,"href":"https:\/\/www.cheminsdereves.fr\/index.php\/wp-json\/wp\/v2\/product_brand?post=10107"},{"taxonomy":"product_cat","embeddable":true,"href":"https:\/\/www.cheminsdereves.fr\/index.php\/wp-json\/wp\/v2\/product_cat?post=10107"},{"taxonomy":"product_tag","embeddable":true,"href":"https:\/\/www.cheminsdereves.fr\/index.php\/wp-json\/wp\/v2\/product_tag?post=10107"}],"curies":[{"name":"wp","href":"https:\/\/api.w.org\/{rel}","templated":true}]}}