{"id":10261,"date":"2024-07-26T15:14:25","date_gmt":"2024-07-26T13:14:25","guid":{"rendered":"https:\/\/www.cheminsdereves.fr\/?post_type=product&#038;p=10261"},"modified":"2024-09-16T09:11:06","modified_gmt":"2024-09-16T07:11:06","slug":"entree-de-tunnel-double-voie-moellons-large-2","status":"publish","type":"product","link":"https:\/\/www.cheminsdereves.fr\/index.php\/produit\/entree-de-tunnel-double-voie-moellons-large-2\/","title":{"rendered":"Entr\u00e9e de tunnel double voie moellons large"},"content":{"rendered":"<p>Une entr\u00e9e de tunnel finement grav\u00e9e et d\u00e9coup\u00e9e au laser.<\/p>\n<p>L&rsquo;article comprend un set grav\u00e9 et d\u00e9coup\u00e9 dans un carton de 0.75 mm d&rsquo;\u00e9paisseur \u00e9voquant les moellons et un set de 1 mm \u00e9voquant les pierres de parement. Les deux sets sont pr\u00e9-d\u00e9coup\u00e9s et s&rsquo;imbriquent parfaitement. La l\u00e9g\u00e8re diff\u00e9rence d&rsquo;\u00e9paisseur permet de mieux mettre en \u00e9vidence les pierres de parement de la fa\u00e7ade pour plus de r\u00e9alisme. Le set permet de r\u00e9aliser jusqu&rsquo;\u00e0 trois rang\u00e9es de pierres de parement en partie haute sur la face avant.<\/p>\n<p>Cet article devra \u00eatre coll\u00e9 sur un support rigide. Un support de 3 mm est parfaitement adapt\u00e9 (carton plume par exemple ou autres).<\/p>\n<p>Les cotes de la vo\u00fbte sont conformes \u00e0 la norme <a href=\"https:\/\/www.morop.org\/downloads\/nem\/fr\/nem105_f.pdf\">NEM 105<\/a> pour un tunnel \u00e0 double voie en alignement sans cat\u00e9naire dont l&rsquo;entraxe est de 52 mm. La vo\u00fbte mesure ainsi 84 mm en hauteur (\u00e0 la cl\u00e9 de vo\u00fbte) pour 110 mm de large (au point le plus large). L&rsquo;ensemble de l&rsquo;ouvrage mesure 206 mm de largeur (une autre version plus mince est aussi disponible) pour 116 \u00e0 124 mm de hauteur, selon le nombre de rang\u00e9es de pierres de parement utilis\u00e9es (de 1 \u00e0 3).<\/p>\n<p>Cet article gagnera \u00e0 \u00eatre peint et patin\u00e9 avec des peintures acryliques de votre choix pour tendre \u00e0 encore plus de r\u00e9alisme.<\/p>\n<p><strong>Produit cr\u00e9\u00e9, prototyp\u00e9, industrialis\u00e9 et fabriqu\u00e9 en France<\/strong><\/p>\n<p>&nbsp;<\/p>\n","protected":false},"excerpt":{"rendered":"<p>Une entr\u00e9e de tunnel finement grav\u00e9e et d\u00e9coup\u00e9e au laser. L&rsquo;article comprend un set grav\u00e9 et d\u00e9coup\u00e9 dans un carton de 0.75 mm d&rsquo;\u00e9paisseur \u00e9voquant les moellons et un set de 1 mm \u00e9voquant les pierres de parement. Les deux sets sont pr\u00e9-d\u00e9coup\u00e9s et s&rsquo;imbriquent parfaitement. La l\u00e9g\u00e8re diff\u00e9rence d&rsquo;\u00e9paisseur permet de mieux mettre en [&hellip;]<\/p>\n","protected":false},"featured_media":10253,"comment_status":"open","ping_status":"closed","template":"","meta":{"ocean_post_layout":"","ocean_both_sidebars_style":"","ocean_both_sidebars_content_width":0,"ocean_both_sidebars_sidebars_width":0,"ocean_sidebar":"0","ocean_second_sidebar":"0","ocean_disable_margins":"enable","ocean_add_body_class":"","ocean_shortcode_before_top_bar":"","ocean_shortcode_after_top_bar":"","ocean_shortcode_before_header":"","ocean_shortcode_after_header":"","ocean_has_shortcode":"","ocean_shortcode_after_title":"","ocean_shortcode_before_footer_widgets":"","ocean_shortcode_after_footer_widgets":"","ocean_shortcode_before_footer_bottom":"","ocean_shortcode_after_footer_bottom":"","ocean_display_top_bar":"default","ocean_display_header":"default","ocean_header_style":"","ocean_center_header_left_menu":"0","ocean_custom_header_template":"0","ocean_custom_logo":0,"ocean_custom_retina_logo":0,"ocean_custom_logo_max_width":0,"ocean_custom_logo_tablet_max_width":0,"ocean_custom_logo_mobile_max_width":0,"ocean_custom_logo_max_height":0,"ocean_custom_logo_tablet_max_height":0,"ocean_custom_logo_mobile_max_height":0,"ocean_header_custom_menu":"0","ocean_menu_typo_font_family":"0","ocean_menu_typo_font_subset":"","ocean_menu_typo_font_size":0,"ocean_menu_typo_font_size_tablet":0,"ocean_menu_typo_font_size_mobile":0,"ocean_menu_typo_font_size_unit":"px","ocean_menu_typo_font_weight":"","ocean_menu_typo_font_weight_tablet":"","ocean_menu_typo_font_weight_mobile":"","ocean_menu_typo_transform":"","ocean_menu_typo_transform_tablet":"","ocean_menu_typo_transform_mobile":"","ocean_menu_typo_line_height":0,"ocean_menu_typo_line_height_tablet":0,"ocean_menu_typo_line_height_mobile":0,"ocean_menu_typo_line_height_unit":"","ocean_menu_typo_spacing":0,"ocean_menu_typo_spacing_tablet":0,"ocean_menu_typo_spacing_mobile":0,"ocean_menu_typo_spacing_unit":"","ocean_menu_link_color":"","ocean_menu_link_color_hover":"","ocean_menu_link_color_active":"","ocean_menu_link_background":"","ocean_menu_link_hover_background":"","ocean_menu_link_active_background":"","ocean_menu_social_links_bg":"","ocean_menu_social_hover_links_bg":"","ocean_menu_social_links_color":"","ocean_menu_social_hover_links_color":"","ocean_disable_title":"default","ocean_disable_heading":"default","ocean_post_title":"","ocean_post_subheading":"","ocean_post_title_style":"","ocean_post_title_background_color":"","ocean_post_title_background":0,"ocean_post_title_bg_image_position":"","ocean_post_title_bg_image_attachment":"","ocean_post_title_bg_image_repeat":"","ocean_post_title_bg_image_size":"","ocean_post_title_height":0,"ocean_post_title_bg_overlay":0.5,"ocean_post_title_bg_overlay_color":"","ocean_disable_breadcrumbs":"default","ocean_breadcrumbs_color":"","ocean_breadcrumbs_separator_color":"","ocean_breadcrumbs_links_color":"","ocean_breadcrumbs_links_hover_color":"","ocean_display_footer_widgets":"default","ocean_display_footer_bottom":"default","ocean_custom_footer_template":"0"},"product_brand":[],"product_cat":[79,77],"product_tag":[55],"class_list":{"0":"post-10261","1":"product","2":"type-product","3":"status-publish","4":"has-post-thumbnail","6":"product_cat-entrees-de-tunnel","7":"product_cat-fabrique-en-france","8":"product_tag-environnement-ferroviaire-ou-industriel","10":"entry","11":"has-media","13":"first","14":"instock","15":"sale","16":"taxable","17":"shipping-taxable","18":"purchasable","19":"product-type-simple","20":"has-product-nav","21":"col","22":"span_1_of_4","23":"owp-content-center","24":"owp-thumbs-layout-horizontal","25":"owp-btn-normal","26":"owp-tabs-layout-horizontal"},"yoast_head":"<!-- This site is optimized with the Yoast SEO plugin v27.3 - https:\/\/yoast.com\/product\/yoast-seo-wordpress\/ -->\n<title>Entr\u00e9e de tunnel double voie moellons large - Chemins de R\u00eaves<\/title>\n<meta name=\"description\" content=\"Cet article permet de fabriquer une entr\u00e9e de tunnel voie double particuli\u00e8rement r\u00e9aliste avec du carton finement grav\u00e9 et d\u00e9coup\u00e9 au laser\" \/>\n<meta name=\"robots\" content=\"index, follow, max-snippet:-1, max-image-preview:large, max-video-preview:-1\" \/>\n<link rel=\"canonical\" href=\"https:\/\/www.cheminsdereves.fr\/index.php\/produit\/entree-de-tunnel-double-voie-moellons-large-2\/\" \/>\n<meta property=\"og:locale\" content=\"fr_FR\" \/>\n<meta property=\"og:type\" content=\"article\" \/>\n<meta property=\"og:title\" content=\"Entr\u00e9e de tunnel double voie moellons large - Chemins de R\u00eaves\" \/>\n<meta property=\"og:description\" content=\"Cet article permet de fabriquer une entr\u00e9e de tunnel voie double particuli\u00e8rement r\u00e9aliste avec du carton finement grav\u00e9 et d\u00e9coup\u00e9 au laser\" \/>\n<meta property=\"og:url\" content=\"https:\/\/www.cheminsdereves.fr\/index.php\/produit\/entree-de-tunnel-double-voie-moellons-large-2\/\" \/>\n<meta property=\"og:site_name\" content=\"Chemins de R\u00eaves\" \/>\n<meta property=\"article:modified_time\" content=\"2024-09-16T07:11:06+00:00\" \/>\n<meta property=\"og:image\" content=\"https:\/\/www.cheminsdereves.fr\/wp-content\/uploads\/2024\/07\/article-entree-tunnel-double-voie-large-rotated.jpg\" \/>\n\t<meta property=\"og:image:width\" content=\"320\" \/>\n\t<meta property=\"og:image:height\" content=\"320\" \/>\n\t<meta property=\"og:image:type\" content=\"image\/jpeg\" \/>\n<meta name=\"twitter:card\" content=\"summary_large_image\" \/>\n<meta name=\"twitter:label1\" content=\"Dur\u00e9e de lecture estim\u00e9e\" \/>\n\t<meta name=\"twitter:data1\" content=\"2 minutes\" \/>\n<script type=\"application\/ld+json\" class=\"yoast-schema-graph\">{\"@context\":\"https:\\\/\\\/schema.org\",\"@graph\":[{\"@type\":\"WebPage\",\"@id\":\"https:\\\/\\\/www.cheminsdereves.fr\\\/index.php\\\/produit\\\/entree-de-tunnel-double-voie-moellons-large-2\\\/\",\"url\":\"https:\\\/\\\/www.cheminsdereves.fr\\\/index.php\\\/produit\\\/entree-de-tunnel-double-voie-moellons-large-2\\\/\",\"name\":\"Entr\u00e9e de tunnel double voie moellons large - Chemins de R\u00eaves\",\"isPartOf\":{\"@id\":\"https:\\\/\\\/www.cheminsdereves.fr\\\/#website\"},\"primaryImageOfPage\":{\"@id\":\"https:\\\/\\\/www.cheminsdereves.fr\\\/index.php\\\/produit\\\/entree-de-tunnel-double-voie-moellons-large-2\\\/#primaryimage\"},\"image\":{\"@id\":\"https:\\\/\\\/www.cheminsdereves.fr\\\/index.php\\\/produit\\\/entree-de-tunnel-double-voie-moellons-large-2\\\/#primaryimage\"},\"thumbnailUrl\":\"https:\\\/\\\/www.cheminsdereves.fr\\\/wp-content\\\/uploads\\\/2024\\\/07\\\/article-entree-tunnel-double-voie-large-rotated.jpg\",\"datePublished\":\"2024-07-26T13:14:25+00:00\",\"dateModified\":\"2024-09-16T07:11:06+00:00\",\"description\":\"Cet article permet de fabriquer une entr\u00e9e de tunnel voie double particuli\u00e8rement r\u00e9aliste avec du carton finement grav\u00e9 et d\u00e9coup\u00e9 au laser\",\"breadcrumb\":{\"@id\":\"https:\\\/\\\/www.cheminsdereves.fr\\\/index.php\\\/produit\\\/entree-de-tunnel-double-voie-moellons-large-2\\\/#breadcrumb\"},\"inLanguage\":\"fr-FR\",\"potentialAction\":[{\"@type\":\"ReadAction\",\"target\":[\"https:\\\/\\\/www.cheminsdereves.fr\\\/index.php\\\/produit\\\/entree-de-tunnel-double-voie-moellons-large-2\\\/\"]}]},{\"@type\":\"ImageObject\",\"inLanguage\":\"fr-FR\",\"@id\":\"https:\\\/\\\/www.cheminsdereves.fr\\\/index.php\\\/produit\\\/entree-de-tunnel-double-voie-moellons-large-2\\\/#primaryimage\",\"url\":\"https:\\\/\\\/www.cheminsdereves.fr\\\/wp-content\\\/uploads\\\/2024\\\/07\\\/article-entree-tunnel-double-voie-large-rotated.jpg\",\"contentUrl\":\"https:\\\/\\\/www.cheminsdereves.fr\\\/wp-content\\\/uploads\\\/2024\\\/07\\\/article-entree-tunnel-double-voie-large-rotated.jpg\",\"width\":320,\"height\":320},{\"@type\":\"BreadcrumbList\",\"@id\":\"https:\\\/\\\/www.cheminsdereves.fr\\\/index.php\\\/produit\\\/entree-de-tunnel-double-voie-moellons-large-2\\\/#breadcrumb\",\"itemListElement\":[{\"@type\":\"ListItem\",\"position\":1,\"name\":\"Accueil\",\"item\":\"https:\\\/\\\/www.cheminsdereves.fr\\\/\"},{\"@type\":\"ListItem\",\"position\":2,\"name\":\"Boutique\",\"item\":\"https:\\\/\\\/www.cheminsdereves.fr\\\/index.php\\\/boutique-articles-modelisme-ferroviaire\\\/\"},{\"@type\":\"ListItem\",\"position\":3,\"name\":\"Entr\u00e9e de tunnel double voie moellons large\"}]},{\"@type\":\"WebSite\",\"@id\":\"https:\\\/\\\/www.cheminsdereves.fr\\\/#website\",\"url\":\"https:\\\/\\\/www.cheminsdereves.fr\\\/\",\"name\":\"Chemins de R\u00eaves\",\"description\":\"Un site consacr\u00e9 au mod\u00e9lisme ferroviaire\",\"publisher\":{\"@id\":\"https:\\\/\\\/www.cheminsdereves.fr\\\/#organization\"},\"potentialAction\":[{\"@type\":\"SearchAction\",\"target\":{\"@type\":\"EntryPoint\",\"urlTemplate\":\"https:\\\/\\\/www.cheminsdereves.fr\\\/?s={search_term_string}\"},\"query-input\":{\"@type\":\"PropertyValueSpecification\",\"valueRequired\":true,\"valueName\":\"search_term_string\"}}],\"inLanguage\":\"fr-FR\"},{\"@type\":\"Organization\",\"@id\":\"https:\\\/\\\/www.cheminsdereves.fr\\\/#organization\",\"name\":\"Chemins de R\u00eaves\",\"url\":\"https:\\\/\\\/www.cheminsdereves.fr\\\/\",\"logo\":{\"@type\":\"ImageObject\",\"inLanguage\":\"fr-FR\",\"@id\":\"https:\\\/\\\/www.cheminsdereves.fr\\\/#\\\/schema\\\/logo\\\/image\\\/\",\"url\":\"https:\\\/\\\/www.cheminsdereves.fr\\\/wp-content\\\/uploads\\\/2023\\\/05\\\/LogoBandeau.png\",\"contentUrl\":\"https:\\\/\\\/www.cheminsdereves.fr\\\/wp-content\\\/uploads\\\/2023\\\/05\\\/LogoBandeau.png\",\"width\":4871,\"height\":1000,\"caption\":\"Chemins de R\u00eaves\"},\"image\":{\"@id\":\"https:\\\/\\\/www.cheminsdereves.fr\\\/#\\\/schema\\\/logo\\\/image\\\/\"}}]}<\/script>\n<!-- \/ Yoast SEO plugin. -->","yoast_head_json":{"title":"Entr\u00e9e de tunnel double voie moellons large - Chemins de R\u00eaves","description":"Cet article permet de fabriquer une entr\u00e9e de tunnel voie double particuli\u00e8rement r\u00e9aliste avec du carton finement grav\u00e9 et d\u00e9coup\u00e9 au laser","robots":{"index":"index","follow":"follow","max-snippet":"max-snippet:-1","max-image-preview":"max-image-preview:large","max-video-preview":"max-video-preview:-1"},"canonical":"https:\/\/www.cheminsdereves.fr\/index.php\/produit\/entree-de-tunnel-double-voie-moellons-large-2\/","og_locale":"fr_FR","og_type":"article","og_title":"Entr\u00e9e de tunnel double voie moellons large - Chemins de R\u00eaves","og_description":"Cet article permet de fabriquer une entr\u00e9e de tunnel voie double particuli\u00e8rement r\u00e9aliste avec du carton finement grav\u00e9 et d\u00e9coup\u00e9 au laser","og_url":"https:\/\/www.cheminsdereves.fr\/index.php\/produit\/entree-de-tunnel-double-voie-moellons-large-2\/","og_site_name":"Chemins de R\u00eaves","article_modified_time":"2024-09-16T07:11:06+00:00","og_image":[{"width":320,"height":320,"url":"https:\/\/www.cheminsdereves.fr\/wp-content\/uploads\/2024\/07\/article-entree-tunnel-double-voie-large-rotated.jpg","type":"image\/jpeg"}],"twitter_card":"summary_large_image","twitter_misc":{"Dur\u00e9e de lecture estim\u00e9e":"2 minutes"},"schema":{"@context":"https:\/\/schema.org","@graph":[{"@type":"WebPage","@id":"https:\/\/www.cheminsdereves.fr\/index.php\/produit\/entree-de-tunnel-double-voie-moellons-large-2\/","url":"https:\/\/www.cheminsdereves.fr\/index.php\/produit\/entree-de-tunnel-double-voie-moellons-large-2\/","name":"Entr\u00e9e de tunnel double voie moellons large - Chemins de R\u00eaves","isPartOf":{"@id":"https:\/\/www.cheminsdereves.fr\/#website"},"primaryImageOfPage":{"@id":"https:\/\/www.cheminsdereves.fr\/index.php\/produit\/entree-de-tunnel-double-voie-moellons-large-2\/#primaryimage"},"image":{"@id":"https:\/\/www.cheminsdereves.fr\/index.php\/produit\/entree-de-tunnel-double-voie-moellons-large-2\/#primaryimage"},"thumbnailUrl":"https:\/\/www.cheminsdereves.fr\/wp-content\/uploads\/2024\/07\/article-entree-tunnel-double-voie-large-rotated.jpg","datePublished":"2024-07-26T13:14:25+00:00","dateModified":"2024-09-16T07:11:06+00:00","description":"Cet article permet de fabriquer une entr\u00e9e de tunnel voie double particuli\u00e8rement r\u00e9aliste avec du carton finement grav\u00e9 et d\u00e9coup\u00e9 au laser","breadcrumb":{"@id":"https:\/\/www.cheminsdereves.fr\/index.php\/produit\/entree-de-tunnel-double-voie-moellons-large-2\/#breadcrumb"},"inLanguage":"fr-FR","potentialAction":[{"@type":"ReadAction","target":["https:\/\/www.cheminsdereves.fr\/index.php\/produit\/entree-de-tunnel-double-voie-moellons-large-2\/"]}]},{"@type":"ImageObject","inLanguage":"fr-FR","@id":"https:\/\/www.cheminsdereves.fr\/index.php\/produit\/entree-de-tunnel-double-voie-moellons-large-2\/#primaryimage","url":"https:\/\/www.cheminsdereves.fr\/wp-content\/uploads\/2024\/07\/article-entree-tunnel-double-voie-large-rotated.jpg","contentUrl":"https:\/\/www.cheminsdereves.fr\/wp-content\/uploads\/2024\/07\/article-entree-tunnel-double-voie-large-rotated.jpg","width":320,"height":320},{"@type":"BreadcrumbList","@id":"https:\/\/www.cheminsdereves.fr\/index.php\/produit\/entree-de-tunnel-double-voie-moellons-large-2\/#breadcrumb","itemListElement":[{"@type":"ListItem","position":1,"name":"Accueil","item":"https:\/\/www.cheminsdereves.fr\/"},{"@type":"ListItem","position":2,"name":"Boutique","item":"https:\/\/www.cheminsdereves.fr\/index.php\/boutique-articles-modelisme-ferroviaire\/"},{"@type":"ListItem","position":3,"name":"Entr\u00e9e de tunnel double voie moellons large"}]},{"@type":"WebSite","@id":"https:\/\/www.cheminsdereves.fr\/#website","url":"https:\/\/www.cheminsdereves.fr\/","name":"Chemins de R\u00eaves","description":"Un site consacr\u00e9 au mod\u00e9lisme ferroviaire","publisher":{"@id":"https:\/\/www.cheminsdereves.fr\/#organization"},"potentialAction":[{"@type":"SearchAction","target":{"@type":"EntryPoint","urlTemplate":"https:\/\/www.cheminsdereves.fr\/?s={search_term_string}"},"query-input":{"@type":"PropertyValueSpecification","valueRequired":true,"valueName":"search_term_string"}}],"inLanguage":"fr-FR"},{"@type":"Organization","@id":"https:\/\/www.cheminsdereves.fr\/#organization","name":"Chemins de R\u00eaves","url":"https:\/\/www.cheminsdereves.fr\/","logo":{"@type":"ImageObject","inLanguage":"fr-FR","@id":"https:\/\/www.cheminsdereves.fr\/#\/schema\/logo\/image\/","url":"https:\/\/www.cheminsdereves.fr\/wp-content\/uploads\/2023\/05\/LogoBandeau.png","contentUrl":"https:\/\/www.cheminsdereves.fr\/wp-content\/uploads\/2023\/05\/LogoBandeau.png","width":4871,"height":1000,"caption":"Chemins de R\u00eaves"},"image":{"@id":"https:\/\/www.cheminsdereves.fr\/#\/schema\/logo\/image\/"}}]}},"_links":{"self":[{"href":"https:\/\/www.cheminsdereves.fr\/index.php\/wp-json\/wp\/v2\/product\/10261","targetHints":{"allow":["GET"]}}],"collection":[{"href":"https:\/\/www.cheminsdereves.fr\/index.php\/wp-json\/wp\/v2\/product"}],"about":[{"href":"https:\/\/www.cheminsdereves.fr\/index.php\/wp-json\/wp\/v2\/types\/product"}],"replies":[{"embeddable":true,"href":"https:\/\/www.cheminsdereves.fr\/index.php\/wp-json\/wp\/v2\/comments?post=10261"}],"wp:featuredmedia":[{"embeddable":true,"href":"https:\/\/www.cheminsdereves.fr\/index.php\/wp-json\/wp\/v2\/media\/10253"}],"wp:attachment":[{"href":"https:\/\/www.cheminsdereves.fr\/index.php\/wp-json\/wp\/v2\/media?parent=10261"}],"wp:term":[{"taxonomy":"product_brand","embeddable":true,"href":"https:\/\/www.cheminsdereves.fr\/index.php\/wp-json\/wp\/v2\/product_brand?post=10261"},{"taxonomy":"product_cat","embeddable":true,"href":"https:\/\/www.cheminsdereves.fr\/index.php\/wp-json\/wp\/v2\/product_cat?post=10261"},{"taxonomy":"product_tag","embeddable":true,"href":"https:\/\/www.cheminsdereves.fr\/index.php\/wp-json\/wp\/v2\/product_tag?post=10261"}],"curies":[{"name":"wp","href":"https:\/\/api.w.org\/{rel}","templated":true}]}}