{"id":17717,"date":"2025-09-30T11:14:21","date_gmt":"2025-09-30T09:14:21","guid":{"rendered":"https:\/\/www.cheminsdereves.fr\/?post_type=product&#038;p=17717"},"modified":"2025-10-01T14:38:07","modified_gmt":"2025-10-01T12:38:07","slug":"immeuble-pre-haussmannien-a-deux-travees-de-fenetres","status":"publish","type":"product","link":"https:\/\/www.cheminsdereves.fr\/index.php\/produit\/immeuble-pre-haussmannien-a-deux-travees-de-fenetres\/","title":{"rendered":"Immeuble pr\u00e9-haussmannien \u00e0 deux trav\u00e9es de f\u00e9n\u00eatres"},"content":{"rendered":"<p>Avant la normalisation des travaux du second empire dirig\u00e9s par le baron Haussmann, Paris et les grandes villes fran\u00e7aises \u00e9taient majoritairement dot\u00e9es de tout type d&rsquo;immeubles au style et dimensions vari\u00e9s. Nous avons voulu reproduire ce style d&rsquo;immeubles, afin de donner un peu de vari\u00e9t\u00e9 aux fonds de d\u00e9cor. Ils se marieront ais\u00e9ment avec nos autres immeubles ou avec des immeubles du commerce bien connus, tels les immeubles de ville Faller ou les immeubles modulaires Jouef. M\u00e9langer ainsi ces diff\u00e9rentes productions am\u00e9liorera le r\u00e9alisme de vos d\u00e9cors.<\/p>\n<p>Comme tous nos immeubles et beaucoup de nos autres produits, il est fabriqu\u00e9 avec du carton bois produit en Suisse.<\/p>\n<p>Cet immeuble est dot\u00e9 de deux trav\u00e9es de fen\u00eatres, d&rsquo;un dernier \u00e9tage mansard\u00e9 \u00e0 la toiture en ardoises et d&rsquo;une couverture en zinc. Il s&rsquo;agit d&rsquo;un immeuble en demi relief \u00e0 installer plut\u00f4t en fond de d\u00e9cor, m\u00e9thode qui s&rsquo;est impos\u00e9e pour r\u00e9aliser des modules par exemple. Sa profondeur est de 42.5 mm (au sol).<\/p>\n<p>Le set comprend :<\/p>\n<ul>\n<li>des planches de carton bois de 2.2 mm &#8211; pour les murs\u00a0 et les principaux \u00e9l\u00e9ments de structure &#8211; qui assure une parfaite rigidit\u00e9,<\/li>\n<li>une planche de carton bois de 1 mm principalement pour les balcons et autres \u00e9l\u00e9ments de d\u00e9taillage,<\/li>\n<li>une planche pr\u00e9 d\u00e9coup\u00e9e en papier Canson de couleur* pour r\u00e9aliser des volets ou des persiennes (les photos repr\u00e9sentent la version avec des persiennes), \u00e0 utiliser \u00e0 votre guise pour varier le rythme de vos huisseries,<\/li>\n<li>une planche pr\u00e9 d\u00e9coup\u00e9e en papier Canson de couleur claire pour r\u00e9aliser les huisseries,<\/li>\n<li>Une feuille de plastique fin transparent pour r\u00e9aliser les vitrages,<\/li>\n<li>En option, des murs pour construire une arri\u00e8re-cour.<\/li>\n<\/ul>\n<p>(* La couleur sur les photos n&rsquo;est pas contractuelle. Nous fournissons ce set en changeant r\u00e9guli\u00e8rement les couleurs des persiennes pour \u00e9viter que nos clients se retrouvent avec le m\u00eame set. Il s&rsquo;agit bien entendu de couleurs r\u00e9alistes (gris, vert, bleu).)<\/p>\n<p>Vous pouvez consulter au pr\u00e9alable<a href=\"https:\/\/www.cheminsdereves.fr\/index.php\/la-mise-en-oeuvre-des-immeubles-annees-50\/\"> <strong>la notice de montage<\/strong><\/a> pour mieux d\u00e9couvrir cet immeuble. Les photos illustrent un immeuble peint en blanc mais la couleur ivoire du kit est tr\u00e8s r\u00e9aliste et il peut \u00eatre mis en \u0153uvre tel quel. Si vous envisagez de peindre votre kit, vous pouvez aussi consulter <a href=\"https:\/\/www.cheminsdereves.fr\/index.php\/support\/la-peinture-et-la-patine-des-immeubles-en-carton-bois\/\"><strong>le guide pour la d\u00e9coration et la patine<\/strong><\/a> de ces immeubles en carton bois. Certaines des photos pr\u00e9sentent un mod\u00e8le peint, patin\u00e9 et d\u00e9taill\u00e9 (les descentes d&rsquo;eau et les sorties de chemin\u00e9es ne sont pas fournies dans le kit).<\/p>\n<p>Produit cr\u00e9\u00e9, d\u00e9velopp\u00e9, industrialis\u00e9 et produit en France<\/p>\n<p>&nbsp;<\/p>\n","protected":false},"excerpt":{"rendered":"<p>Avant la normalisation des travaux du second empire dirig\u00e9s par le baron Haussmann, Paris et les grandes villes fran\u00e7aises \u00e9taient majoritairement dot\u00e9es de tout type d&rsquo;immeubles au style et dimensions vari\u00e9s. Nous avons voulu reproduire ce style d&rsquo;immeubles, afin de donner un peu de vari\u00e9t\u00e9 aux fonds de d\u00e9cor. Ils se marieront ais\u00e9ment avec nos [&hellip;]<\/p>\n","protected":false},"featured_media":17866,"comment_status":"open","ping_status":"closed","template":"","meta":{"ocean_post_layout":"","ocean_both_sidebars_style":"","ocean_both_sidebars_content_width":0,"ocean_both_sidebars_sidebars_width":0,"ocean_sidebar":"0","ocean_second_sidebar":"0","ocean_disable_margins":"enable","ocean_add_body_class":"","ocean_shortcode_before_top_bar":"","ocean_shortcode_after_top_bar":"","ocean_shortcode_before_header":"","ocean_shortcode_after_header":"","ocean_has_shortcode":"","ocean_shortcode_after_title":"","ocean_shortcode_before_footer_widgets":"","ocean_shortcode_after_footer_widgets":"","ocean_shortcode_before_footer_bottom":"","ocean_shortcode_after_footer_bottom":"","ocean_display_top_bar":"default","ocean_display_header":"default","ocean_header_style":"","ocean_center_header_left_menu":"0","ocean_custom_header_template":"0","ocean_custom_logo":0,"ocean_custom_retina_logo":0,"ocean_custom_logo_max_width":0,"ocean_custom_logo_tablet_max_width":0,"ocean_custom_logo_mobile_max_width":0,"ocean_custom_logo_max_height":0,"ocean_custom_logo_tablet_max_height":0,"ocean_custom_logo_mobile_max_height":0,"ocean_header_custom_menu":"0","ocean_menu_typo_font_family":"0","ocean_menu_typo_font_subset":"","ocean_menu_typo_font_size":0,"ocean_menu_typo_font_size_tablet":0,"ocean_menu_typo_font_size_mobile":0,"ocean_menu_typo_font_size_unit":"px","ocean_menu_typo_font_weight":"","ocean_menu_typo_font_weight_tablet":"","ocean_menu_typo_font_weight_mobile":"","ocean_menu_typo_transform":"","ocean_menu_typo_transform_tablet":"","ocean_menu_typo_transform_mobile":"","ocean_menu_typo_line_height":0,"ocean_menu_typo_line_height_tablet":0,"ocean_menu_typo_line_height_mobile":0,"ocean_menu_typo_line_height_unit":"","ocean_menu_typo_spacing":0,"ocean_menu_typo_spacing_tablet":0,"ocean_menu_typo_spacing_mobile":0,"ocean_menu_typo_spacing_unit":"","ocean_menu_link_color":"","ocean_menu_link_color_hover":"","ocean_menu_link_color_active":"","ocean_menu_link_background":"","ocean_menu_link_hover_background":"","ocean_menu_link_active_background":"","ocean_menu_social_links_bg":"","ocean_menu_social_hover_links_bg":"","ocean_menu_social_links_color":"","ocean_menu_social_hover_links_color":"","ocean_disable_title":"default","ocean_disable_heading":"default","ocean_post_title":"","ocean_post_subheading":"","ocean_post_title_style":"","ocean_post_title_background_color":"","ocean_post_title_background":0,"ocean_post_title_bg_image_position":"","ocean_post_title_bg_image_attachment":"","ocean_post_title_bg_image_repeat":"","ocean_post_title_bg_image_size":"","ocean_post_title_height":0,"ocean_post_title_bg_overlay":0.5,"ocean_post_title_bg_overlay_color":"","ocean_disable_breadcrumbs":"default","ocean_breadcrumbs_color":"","ocean_breadcrumbs_separator_color":"","ocean_breadcrumbs_links_color":"","ocean_breadcrumbs_links_hover_color":"","ocean_display_footer_widgets":"default","ocean_display_footer_bottom":"default","ocean_custom_footer_template":"0"},"product_brand":[],"product_cat":[51,88],"product_tag":[56,53],"class_list":{"0":"post-17717","1":"product","2":"type-product","3":"status-publish","4":"has-post-thumbnail","6":"product_cat-immeubles-et-batiments","7":"product_cat-pre-haussmannien","8":"product_tag-environnement-urbain","9":"product_tag-tout-type-denvironnement","11":"entry","12":"has-media","14":"first","15":"instock","16":"taxable","17":"shipping-taxable","18":"purchasable","19":"product-type-variable","20":"has-product-nav","21":"col","22":"span_1_of_4","23":"owp-content-center","24":"owp-thumbs-layout-horizontal","25":"owp-btn-normal","26":"owp-tabs-layout-horizontal"},"yoast_head":"<!-- This site is optimized with the Yoast SEO plugin v27.3 - https:\/\/yoast.com\/product\/yoast-seo-wordpress\/ -->\n<title>Immeuble pr\u00e9-haussmannien \u00e0 deux trav\u00e9es de f\u00e9n\u00eatres - Chemins de R\u00eaves<\/title>\n<meta name=\"description\" content=\"Un immeuble de ville \u00e0 5 \u00e9tages en demi relief en kit \u00e0 monter en carton bois \u00e0 l&#039;\u00e9chelle HO qui embellira vos fonds de d\u00e9cors\" \/>\n<meta name=\"robots\" content=\"index, follow, max-snippet:-1, max-image-preview:large, max-video-preview:-1\" \/>\n<link rel=\"canonical\" href=\"https:\/\/www.cheminsdereves.fr\/index.php\/produit\/immeuble-pre-haussmannien-a-deux-travees-de-fenetres\/\" \/>\n<meta property=\"og:locale\" content=\"fr_FR\" \/>\n<meta property=\"og:type\" content=\"article\" \/>\n<meta property=\"og:title\" content=\"Immeuble pr\u00e9-haussmannien \u00e0 deux trav\u00e9es de f\u00e9n\u00eatres - Chemins de R\u00eaves\" \/>\n<meta property=\"og:description\" content=\"Un immeuble de ville \u00e0 5 \u00e9tages en demi relief en kit \u00e0 monter en carton bois \u00e0 l&#039;\u00e9chelle HO qui embellira vos fonds de d\u00e9cors\" \/>\n<meta property=\"og:url\" content=\"https:\/\/www.cheminsdereves.fr\/index.php\/produit\/immeuble-pre-haussmannien-a-deux-travees-de-fenetres\/\" \/>\n<meta property=\"og:site_name\" content=\"Chemins de R\u00eaves\" \/>\n<meta property=\"article:modified_time\" content=\"2025-10-01T12:38:07+00:00\" \/>\n<meta property=\"og:image\" content=\"https:\/\/www.cheminsdereves.fr\/wp-content\/uploads\/2025\/09\/2-travees-1-rotated.jpg\" \/>\n\t<meta property=\"og:image:width\" content=\"240\" \/>\n\t<meta property=\"og:image:height\" content=\"320\" \/>\n\t<meta property=\"og:image:type\" content=\"image\/jpeg\" \/>\n<meta name=\"twitter:card\" content=\"summary_large_image\" \/>\n<meta name=\"twitter:label1\" content=\"Dur\u00e9e de lecture estim\u00e9e\" \/>\n\t<meta name=\"twitter:data1\" content=\"3 minutes\" \/>\n<script type=\"application\/ld+json\" class=\"yoast-schema-graph\">{\"@context\":\"https:\\\/\\\/schema.org\",\"@graph\":[{\"@type\":\"WebPage\",\"@id\":\"https:\\\/\\\/www.cheminsdereves.fr\\\/index.php\\\/produit\\\/immeuble-pre-haussmannien-a-deux-travees-de-fenetres\\\/\",\"url\":\"https:\\\/\\\/www.cheminsdereves.fr\\\/index.php\\\/produit\\\/immeuble-pre-haussmannien-a-deux-travees-de-fenetres\\\/\",\"name\":\"Immeuble pr\u00e9-haussmannien \u00e0 deux trav\u00e9es de f\u00e9n\u00eatres - Chemins de R\u00eaves\",\"isPartOf\":{\"@id\":\"https:\\\/\\\/www.cheminsdereves.fr\\\/#website\"},\"primaryImageOfPage\":{\"@id\":\"https:\\\/\\\/www.cheminsdereves.fr\\\/index.php\\\/produit\\\/immeuble-pre-haussmannien-a-deux-travees-de-fenetres\\\/#primaryimage\"},\"image\":{\"@id\":\"https:\\\/\\\/www.cheminsdereves.fr\\\/index.php\\\/produit\\\/immeuble-pre-haussmannien-a-deux-travees-de-fenetres\\\/#primaryimage\"},\"thumbnailUrl\":\"https:\\\/\\\/www.cheminsdereves.fr\\\/wp-content\\\/uploads\\\/2025\\\/09\\\/2-travees-1-rotated.jpg\",\"datePublished\":\"2025-09-30T09:14:21+00:00\",\"dateModified\":\"2025-10-01T12:38:07+00:00\",\"description\":\"Un immeuble de ville \u00e0 5 \u00e9tages en demi relief en kit \u00e0 monter en carton bois \u00e0 l'\u00e9chelle HO qui embellira vos fonds de d\u00e9cors\",\"breadcrumb\":{\"@id\":\"https:\\\/\\\/www.cheminsdereves.fr\\\/index.php\\\/produit\\\/immeuble-pre-haussmannien-a-deux-travees-de-fenetres\\\/#breadcrumb\"},\"inLanguage\":\"fr-FR\",\"potentialAction\":[{\"@type\":\"ReadAction\",\"target\":[\"https:\\\/\\\/www.cheminsdereves.fr\\\/index.php\\\/produit\\\/immeuble-pre-haussmannien-a-deux-travees-de-fenetres\\\/\"]}]},{\"@type\":\"ImageObject\",\"inLanguage\":\"fr-FR\",\"@id\":\"https:\\\/\\\/www.cheminsdereves.fr\\\/index.php\\\/produit\\\/immeuble-pre-haussmannien-a-deux-travees-de-fenetres\\\/#primaryimage\",\"url\":\"https:\\\/\\\/www.cheminsdereves.fr\\\/wp-content\\\/uploads\\\/2025\\\/09\\\/2-travees-1-rotated.jpg\",\"contentUrl\":\"https:\\\/\\\/www.cheminsdereves.fr\\\/wp-content\\\/uploads\\\/2025\\\/09\\\/2-travees-1-rotated.jpg\",\"width\":240,\"height\":320},{\"@type\":\"BreadcrumbList\",\"@id\":\"https:\\\/\\\/www.cheminsdereves.fr\\\/index.php\\\/produit\\\/immeuble-pre-haussmannien-a-deux-travees-de-fenetres\\\/#breadcrumb\",\"itemListElement\":[{\"@type\":\"ListItem\",\"position\":1,\"name\":\"Accueil\",\"item\":\"https:\\\/\\\/www.cheminsdereves.fr\\\/\"},{\"@type\":\"ListItem\",\"position\":2,\"name\":\"Boutique\",\"item\":\"https:\\\/\\\/www.cheminsdereves.fr\\\/index.php\\\/boutique-articles-modelisme-ferroviaire\\\/\"},{\"@type\":\"ListItem\",\"position\":3,\"name\":\"Immeuble pr\u00e9-haussmannien \u00e0 deux trav\u00e9es de f\u00e9n\u00eatres\"}]},{\"@type\":\"WebSite\",\"@id\":\"https:\\\/\\\/www.cheminsdereves.fr\\\/#website\",\"url\":\"https:\\\/\\\/www.cheminsdereves.fr\\\/\",\"name\":\"Chemins de R\u00eaves\",\"description\":\"Un site consacr\u00e9 au mod\u00e9lisme ferroviaire\",\"publisher\":{\"@id\":\"https:\\\/\\\/www.cheminsdereves.fr\\\/#organization\"},\"potentialAction\":[{\"@type\":\"SearchAction\",\"target\":{\"@type\":\"EntryPoint\",\"urlTemplate\":\"https:\\\/\\\/www.cheminsdereves.fr\\\/?s={search_term_string}\"},\"query-input\":{\"@type\":\"PropertyValueSpecification\",\"valueRequired\":true,\"valueName\":\"search_term_string\"}}],\"inLanguage\":\"fr-FR\"},{\"@type\":\"Organization\",\"@id\":\"https:\\\/\\\/www.cheminsdereves.fr\\\/#organization\",\"name\":\"Chemins de R\u00eaves\",\"url\":\"https:\\\/\\\/www.cheminsdereves.fr\\\/\",\"logo\":{\"@type\":\"ImageObject\",\"inLanguage\":\"fr-FR\",\"@id\":\"https:\\\/\\\/www.cheminsdereves.fr\\\/#\\\/schema\\\/logo\\\/image\\\/\",\"url\":\"https:\\\/\\\/www.cheminsdereves.fr\\\/wp-content\\\/uploads\\\/2023\\\/05\\\/LogoBandeau.png\",\"contentUrl\":\"https:\\\/\\\/www.cheminsdereves.fr\\\/wp-content\\\/uploads\\\/2023\\\/05\\\/LogoBandeau.png\",\"width\":4871,\"height\":1000,\"caption\":\"Chemins de R\u00eaves\"},\"image\":{\"@id\":\"https:\\\/\\\/www.cheminsdereves.fr\\\/#\\\/schema\\\/logo\\\/image\\\/\"}}]}<\/script>\n<!-- \/ Yoast SEO plugin. -->","yoast_head_json":{"title":"Immeuble pr\u00e9-haussmannien \u00e0 deux trav\u00e9es de f\u00e9n\u00eatres - Chemins de R\u00eaves","description":"Un immeuble de ville \u00e0 5 \u00e9tages en demi relief en kit \u00e0 monter en carton bois \u00e0 l'\u00e9chelle HO qui embellira vos fonds de d\u00e9cors","robots":{"index":"index","follow":"follow","max-snippet":"max-snippet:-1","max-image-preview":"max-image-preview:large","max-video-preview":"max-video-preview:-1"},"canonical":"https:\/\/www.cheminsdereves.fr\/index.php\/produit\/immeuble-pre-haussmannien-a-deux-travees-de-fenetres\/","og_locale":"fr_FR","og_type":"article","og_title":"Immeuble pr\u00e9-haussmannien \u00e0 deux trav\u00e9es de f\u00e9n\u00eatres - Chemins de R\u00eaves","og_description":"Un immeuble de ville \u00e0 5 \u00e9tages en demi relief en kit \u00e0 monter en carton bois \u00e0 l'\u00e9chelle HO qui embellira vos fonds de d\u00e9cors","og_url":"https:\/\/www.cheminsdereves.fr\/index.php\/produit\/immeuble-pre-haussmannien-a-deux-travees-de-fenetres\/","og_site_name":"Chemins de R\u00eaves","article_modified_time":"2025-10-01T12:38:07+00:00","og_image":[{"width":240,"height":320,"url":"https:\/\/www.cheminsdereves.fr\/wp-content\/uploads\/2025\/09\/2-travees-1-rotated.jpg","type":"image\/jpeg"}],"twitter_card":"summary_large_image","twitter_misc":{"Dur\u00e9e de lecture estim\u00e9e":"3 minutes"},"schema":{"@context":"https:\/\/schema.org","@graph":[{"@type":"WebPage","@id":"https:\/\/www.cheminsdereves.fr\/index.php\/produit\/immeuble-pre-haussmannien-a-deux-travees-de-fenetres\/","url":"https:\/\/www.cheminsdereves.fr\/index.php\/produit\/immeuble-pre-haussmannien-a-deux-travees-de-fenetres\/","name":"Immeuble pr\u00e9-haussmannien \u00e0 deux trav\u00e9es de f\u00e9n\u00eatres - Chemins de R\u00eaves","isPartOf":{"@id":"https:\/\/www.cheminsdereves.fr\/#website"},"primaryImageOfPage":{"@id":"https:\/\/www.cheminsdereves.fr\/index.php\/produit\/immeuble-pre-haussmannien-a-deux-travees-de-fenetres\/#primaryimage"},"image":{"@id":"https:\/\/www.cheminsdereves.fr\/index.php\/produit\/immeuble-pre-haussmannien-a-deux-travees-de-fenetres\/#primaryimage"},"thumbnailUrl":"https:\/\/www.cheminsdereves.fr\/wp-content\/uploads\/2025\/09\/2-travees-1-rotated.jpg","datePublished":"2025-09-30T09:14:21+00:00","dateModified":"2025-10-01T12:38:07+00:00","description":"Un immeuble de ville \u00e0 5 \u00e9tages en demi relief en kit \u00e0 monter en carton bois \u00e0 l'\u00e9chelle HO qui embellira vos fonds de d\u00e9cors","breadcrumb":{"@id":"https:\/\/www.cheminsdereves.fr\/index.php\/produit\/immeuble-pre-haussmannien-a-deux-travees-de-fenetres\/#breadcrumb"},"inLanguage":"fr-FR","potentialAction":[{"@type":"ReadAction","target":["https:\/\/www.cheminsdereves.fr\/index.php\/produit\/immeuble-pre-haussmannien-a-deux-travees-de-fenetres\/"]}]},{"@type":"ImageObject","inLanguage":"fr-FR","@id":"https:\/\/www.cheminsdereves.fr\/index.php\/produit\/immeuble-pre-haussmannien-a-deux-travees-de-fenetres\/#primaryimage","url":"https:\/\/www.cheminsdereves.fr\/wp-content\/uploads\/2025\/09\/2-travees-1-rotated.jpg","contentUrl":"https:\/\/www.cheminsdereves.fr\/wp-content\/uploads\/2025\/09\/2-travees-1-rotated.jpg","width":240,"height":320},{"@type":"BreadcrumbList","@id":"https:\/\/www.cheminsdereves.fr\/index.php\/produit\/immeuble-pre-haussmannien-a-deux-travees-de-fenetres\/#breadcrumb","itemListElement":[{"@type":"ListItem","position":1,"name":"Accueil","item":"https:\/\/www.cheminsdereves.fr\/"},{"@type":"ListItem","position":2,"name":"Boutique","item":"https:\/\/www.cheminsdereves.fr\/index.php\/boutique-articles-modelisme-ferroviaire\/"},{"@type":"ListItem","position":3,"name":"Immeuble pr\u00e9-haussmannien \u00e0 deux trav\u00e9es de f\u00e9n\u00eatres"}]},{"@type":"WebSite","@id":"https:\/\/www.cheminsdereves.fr\/#website","url":"https:\/\/www.cheminsdereves.fr\/","name":"Chemins de R\u00eaves","description":"Un site consacr\u00e9 au mod\u00e9lisme ferroviaire","publisher":{"@id":"https:\/\/www.cheminsdereves.fr\/#organization"},"potentialAction":[{"@type":"SearchAction","target":{"@type":"EntryPoint","urlTemplate":"https:\/\/www.cheminsdereves.fr\/?s={search_term_string}"},"query-input":{"@type":"PropertyValueSpecification","valueRequired":true,"valueName":"search_term_string"}}],"inLanguage":"fr-FR"},{"@type":"Organization","@id":"https:\/\/www.cheminsdereves.fr\/#organization","name":"Chemins de R\u00eaves","url":"https:\/\/www.cheminsdereves.fr\/","logo":{"@type":"ImageObject","inLanguage":"fr-FR","@id":"https:\/\/www.cheminsdereves.fr\/#\/schema\/logo\/image\/","url":"https:\/\/www.cheminsdereves.fr\/wp-content\/uploads\/2023\/05\/LogoBandeau.png","contentUrl":"https:\/\/www.cheminsdereves.fr\/wp-content\/uploads\/2023\/05\/LogoBandeau.png","width":4871,"height":1000,"caption":"Chemins de R\u00eaves"},"image":{"@id":"https:\/\/www.cheminsdereves.fr\/#\/schema\/logo\/image\/"}}]}},"_links":{"self":[{"href":"https:\/\/www.cheminsdereves.fr\/index.php\/wp-json\/wp\/v2\/product\/17717","targetHints":{"allow":["GET"]}}],"collection":[{"href":"https:\/\/www.cheminsdereves.fr\/index.php\/wp-json\/wp\/v2\/product"}],"about":[{"href":"https:\/\/www.cheminsdereves.fr\/index.php\/wp-json\/wp\/v2\/types\/product"}],"replies":[{"embeddable":true,"href":"https:\/\/www.cheminsdereves.fr\/index.php\/wp-json\/wp\/v2\/comments?post=17717"}],"wp:featuredmedia":[{"embeddable":true,"href":"https:\/\/www.cheminsdereves.fr\/index.php\/wp-json\/wp\/v2\/media\/17866"}],"wp:attachment":[{"href":"https:\/\/www.cheminsdereves.fr\/index.php\/wp-json\/wp\/v2\/media?parent=17717"}],"wp:term":[{"taxonomy":"product_brand","embeddable":true,"href":"https:\/\/www.cheminsdereves.fr\/index.php\/wp-json\/wp\/v2\/product_brand?post=17717"},{"taxonomy":"product_cat","embeddable":true,"href":"https:\/\/www.cheminsdereves.fr\/index.php\/wp-json\/wp\/v2\/product_cat?post=17717"},{"taxonomy":"product_tag","embeddable":true,"href":"https:\/\/www.cheminsdereves.fr\/index.php\/wp-json\/wp\/v2\/product_tag?post=17717"}],"curies":[{"name":"wp","href":"https:\/\/api.w.org\/{rel}","templated":true}]}}