{"id":9218,"date":"2024-05-22T12:12:30","date_gmt":"2024-05-22T10:12:30","guid":{"rendered":"https:\/\/www.cheminsdereves.fr\/?post_type=product&#038;p=9218"},"modified":"2024-09-15T09:58:32","modified_gmt":"2024-09-15T07:58:32","slug":"12-paires-volets-ajoures-15-par-4-5-modele-1","status":"publish","type":"product","link":"https:\/\/www.cheminsdereves.fr\/index.php\/produit\/12-paires-volets-ajoures-15-par-4-5-modele-1\/","title":{"rendered":"12 paires de volets ajour\u00e9s 15 par 4.5 Mod\u00e8le 1"},"content":{"rendered":"<p>Ces volets d\u00e9coup\u00e9s et tr\u00e8s finement ajour\u00e9s au laser viendront remplacer ou compl\u00e9ter avantageusement vos r\u00e9alisations. Il sont propos\u00e9s dans diff\u00e9rentes couleurs et tailles permettant de satisfaire la plupart des cas. V\u00e9rifier bien les dimensions de vos huisseries avant de commander.<\/p>\n<p>Ces produits sont fabriqu\u00e9s en papier de 160 g et sont tr\u00e8s faciles en mettre en \u0153uvre. Ils pourront \u00eatre utilement patin\u00e9s avec des terres \u00e0 d\u00e9cor ou des pastels secs r\u00e9duits en poudre.<\/p>\n<p>Si jamais, vous souhaitez une couleur et\/ou une taille alternative, merci de bien vouloir nous contacter. Nous nous ferons un plaisir d&rsquo;\u00e9tudier votre demande.<\/p>\n<p><strong>Produit con\u00e7u, prototyp\u00e9, industrialis\u00e9 et fabriqu\u00e9 en France<\/strong><\/p>\n","protected":false},"excerpt":{"rendered":"<p>Ces volets d\u00e9coup\u00e9s et tr\u00e8s finement ajour\u00e9s au laser viendront remplacer ou compl\u00e9ter avantageusement vos r\u00e9alisations. Il sont propos\u00e9s dans diff\u00e9rentes couleurs et tailles permettant de satisfaire la plupart des cas. V\u00e9rifier bien les dimensions de vos huisseries avant de commander. Ces produits sont fabriqu\u00e9s en papier de 160 g et sont tr\u00e8s faciles en [&hellip;]<\/p>\n","protected":false},"featured_media":9667,"comment_status":"open","ping_status":"closed","template":"","meta":{"ocean_post_layout":"","ocean_both_sidebars_style":"","ocean_both_sidebars_content_width":0,"ocean_both_sidebars_sidebars_width":0,"ocean_sidebar":"0","ocean_second_sidebar":"0","ocean_disable_margins":"enable","ocean_add_body_class":"","ocean_shortcode_before_top_bar":"","ocean_shortcode_after_top_bar":"","ocean_shortcode_before_header":"","ocean_shortcode_after_header":"","ocean_has_shortcode":"","ocean_shortcode_after_title":"","ocean_shortcode_before_footer_widgets":"","ocean_shortcode_after_footer_widgets":"","ocean_shortcode_before_footer_bottom":"","ocean_shortcode_after_footer_bottom":"","ocean_display_top_bar":"default","ocean_display_header":"default","ocean_header_style":"","ocean_center_header_left_menu":"0","ocean_custom_header_template":"0","ocean_custom_logo":0,"ocean_custom_retina_logo":0,"ocean_custom_logo_max_width":0,"ocean_custom_logo_tablet_max_width":0,"ocean_custom_logo_mobile_max_width":0,"ocean_custom_logo_max_height":0,"ocean_custom_logo_tablet_max_height":0,"ocean_custom_logo_mobile_max_height":0,"ocean_header_custom_menu":"0","ocean_menu_typo_font_family":"0","ocean_menu_typo_font_subset":"","ocean_menu_typo_font_size":0,"ocean_menu_typo_font_size_tablet":0,"ocean_menu_typo_font_size_mobile":0,"ocean_menu_typo_font_size_unit":"px","ocean_menu_typo_font_weight":"","ocean_menu_typo_font_weight_tablet":"","ocean_menu_typo_font_weight_mobile":"","ocean_menu_typo_transform":"","ocean_menu_typo_transform_tablet":"","ocean_menu_typo_transform_mobile":"","ocean_menu_typo_line_height":0,"ocean_menu_typo_line_height_tablet":0,"ocean_menu_typo_line_height_mobile":0,"ocean_menu_typo_line_height_unit":"","ocean_menu_typo_spacing":0,"ocean_menu_typo_spacing_tablet":0,"ocean_menu_typo_spacing_mobile":0,"ocean_menu_typo_spacing_unit":"","ocean_menu_link_color":"","ocean_menu_link_color_hover":"","ocean_menu_link_color_active":"","ocean_menu_link_background":"","ocean_menu_link_hover_background":"","ocean_menu_link_active_background":"","ocean_menu_social_links_bg":"","ocean_menu_social_hover_links_bg":"","ocean_menu_social_links_color":"","ocean_menu_social_hover_links_color":"","ocean_disable_title":"default","ocean_disable_heading":"default","ocean_post_title":"","ocean_post_subheading":"","ocean_post_title_style":"","ocean_post_title_background_color":"","ocean_post_title_background":0,"ocean_post_title_bg_image_position":"","ocean_post_title_bg_image_attachment":"","ocean_post_title_bg_image_repeat":"","ocean_post_title_bg_image_size":"","ocean_post_title_height":0,"ocean_post_title_bg_overlay":0.5,"ocean_post_title_bg_overlay_color":"","ocean_disable_breadcrumbs":"default","ocean_breadcrumbs_color":"","ocean_breadcrumbs_separator_color":"","ocean_breadcrumbs_links_color":"","ocean_breadcrumbs_links_hover_color":"","ocean_display_footer_widgets":"default","ocean_display_footer_bottom":"default","ocean_custom_footer_template":"0"},"product_brand":[],"product_cat":[59,77,60],"product_tag":[55,54,56,53],"class_list":{"0":"post-9218","1":"product","2":"type-product","3":"status-publish","4":"has-post-thumbnail","6":"product_cat-decoration-et-detaillage-dimmeubles-et-de-batiments","7":"product_cat-fabrique-en-france","8":"product_cat-persiennes","9":"product_tag-environnement-ferroviaire-ou-industriel","10":"product_tag-environnement-rural","11":"product_tag-environnement-urbain","12":"product_tag-tout-type-denvironnement","14":"entry","15":"has-media","17":"first","18":"instock","19":"taxable","20":"shipping-taxable","21":"purchasable","22":"product-type-variable","23":"has-product-nav","24":"col","25":"span_1_of_4","26":"owp-content-center","27":"owp-thumbs-layout-horizontal","28":"owp-btn-normal","29":"owp-tabs-layout-horizontal"},"yoast_head":"<!-- This site is optimized with the Yoast SEO plugin v27.3 - https:\/\/yoast.com\/product\/yoast-seo-wordpress\/ -->\n<title>12 paires de volets ajour\u00e9s 15 par 4.5 Mod\u00e8le 1 - Chemins de R\u00eaves<\/title>\n<meta name=\"description\" content=\"12 paires de volets finement ajour\u00e9s permettant de d\u00e9corer et d\u00e9tailler les fa\u00e7ades de vos constructions pour vos d\u00e9cors, modules et r\u00e9seaux de mod\u00e9lisme ferroviaire\" \/>\n<meta name=\"robots\" content=\"index, follow, max-snippet:-1, max-image-preview:large, max-video-preview:-1\" \/>\n<link rel=\"canonical\" href=\"https:\/\/www.cheminsdereves.fr\/index.php\/produit\/12-paires-volets-ajoures-15-par-4-5-modele-1\/\" \/>\n<meta property=\"og:locale\" content=\"fr_FR\" \/>\n<meta property=\"og:type\" content=\"article\" \/>\n<meta property=\"og:title\" content=\"12 paires de volets ajour\u00e9s 15 par 4.5 Mod\u00e8le 1 - Chemins de R\u00eaves\" \/>\n<meta property=\"og:description\" content=\"12 paires de volets finement ajour\u00e9s permettant de d\u00e9corer et d\u00e9tailler les fa\u00e7ades de vos constructions pour vos d\u00e9cors, modules et r\u00e9seaux de mod\u00e9lisme ferroviaire\" \/>\n<meta property=\"og:url\" content=\"https:\/\/www.cheminsdereves.fr\/index.php\/produit\/12-paires-volets-ajoures-15-par-4-5-modele-1\/\" \/>\n<meta property=\"og:site_name\" content=\"Chemins de R\u00eaves\" \/>\n<meta property=\"article:modified_time\" content=\"2024-09-15T07:58:32+00:00\" \/>\n<meta property=\"og:image\" content=\"https:\/\/www.cheminsdereves.fr\/wp-content\/uploads\/2024\/05\/volets-15-par-4.5-mod-1-beige-rotated.jpg\" \/>\n\t<meta property=\"og:image:width\" content=\"320\" \/>\n\t<meta property=\"og:image:height\" content=\"320\" \/>\n\t<meta property=\"og:image:type\" content=\"image\/jpeg\" \/>\n<meta name=\"twitter:card\" content=\"summary_large_image\" \/>\n<meta name=\"twitter:label1\" content=\"Dur\u00e9e de lecture estim\u00e9e\" \/>\n\t<meta name=\"twitter:data1\" content=\"1 minute\" \/>\n<script type=\"application\/ld+json\" class=\"yoast-schema-graph\">{\"@context\":\"https:\\\/\\\/schema.org\",\"@graph\":[{\"@type\":\"WebPage\",\"@id\":\"https:\\\/\\\/www.cheminsdereves.fr\\\/index.php\\\/produit\\\/12-paires-volets-ajoures-15-par-4-5-modele-1\\\/\",\"url\":\"https:\\\/\\\/www.cheminsdereves.fr\\\/index.php\\\/produit\\\/12-paires-volets-ajoures-15-par-4-5-modele-1\\\/\",\"name\":\"12 paires de volets ajour\u00e9s 15 par 4.5 Mod\u00e8le 1 - Chemins de R\u00eaves\",\"isPartOf\":{\"@id\":\"https:\\\/\\\/www.cheminsdereves.fr\\\/#website\"},\"primaryImageOfPage\":{\"@id\":\"https:\\\/\\\/www.cheminsdereves.fr\\\/index.php\\\/produit\\\/12-paires-volets-ajoures-15-par-4-5-modele-1\\\/#primaryimage\"},\"image\":{\"@id\":\"https:\\\/\\\/www.cheminsdereves.fr\\\/index.php\\\/produit\\\/12-paires-volets-ajoures-15-par-4-5-modele-1\\\/#primaryimage\"},\"thumbnailUrl\":\"https:\\\/\\\/www.cheminsdereves.fr\\\/wp-content\\\/uploads\\\/2024\\\/05\\\/volets-15-par-4.5-mod-1-beige-rotated.jpg\",\"datePublished\":\"2024-05-22T10:12:30+00:00\",\"dateModified\":\"2024-09-15T07:58:32+00:00\",\"description\":\"12 paires de volets finement ajour\u00e9s permettant de d\u00e9corer et d\u00e9tailler les fa\u00e7ades de vos constructions pour vos d\u00e9cors, modules et r\u00e9seaux de mod\u00e9lisme ferroviaire\",\"breadcrumb\":{\"@id\":\"https:\\\/\\\/www.cheminsdereves.fr\\\/index.php\\\/produit\\\/12-paires-volets-ajoures-15-par-4-5-modele-1\\\/#breadcrumb\"},\"inLanguage\":\"fr-FR\",\"potentialAction\":[{\"@type\":\"ReadAction\",\"target\":[\"https:\\\/\\\/www.cheminsdereves.fr\\\/index.php\\\/produit\\\/12-paires-volets-ajoures-15-par-4-5-modele-1\\\/\"]}]},{\"@type\":\"ImageObject\",\"inLanguage\":\"fr-FR\",\"@id\":\"https:\\\/\\\/www.cheminsdereves.fr\\\/index.php\\\/produit\\\/12-paires-volets-ajoures-15-par-4-5-modele-1\\\/#primaryimage\",\"url\":\"https:\\\/\\\/www.cheminsdereves.fr\\\/wp-content\\\/uploads\\\/2024\\\/05\\\/volets-15-par-4.5-mod-1-beige-rotated.jpg\",\"contentUrl\":\"https:\\\/\\\/www.cheminsdereves.fr\\\/wp-content\\\/uploads\\\/2024\\\/05\\\/volets-15-par-4.5-mod-1-beige-rotated.jpg\",\"width\":320,\"height\":320},{\"@type\":\"BreadcrumbList\",\"@id\":\"https:\\\/\\\/www.cheminsdereves.fr\\\/index.php\\\/produit\\\/12-paires-volets-ajoures-15-par-4-5-modele-1\\\/#breadcrumb\",\"itemListElement\":[{\"@type\":\"ListItem\",\"position\":1,\"name\":\"Accueil\",\"item\":\"https:\\\/\\\/www.cheminsdereves.fr\\\/\"},{\"@type\":\"ListItem\",\"position\":2,\"name\":\"Boutique\",\"item\":\"https:\\\/\\\/www.cheminsdereves.fr\\\/index.php\\\/boutique-articles-modelisme-ferroviaire\\\/\"},{\"@type\":\"ListItem\",\"position\":3,\"name\":\"12 paires de volets ajour\u00e9s 15 par 4.5 Mod\u00e8le 1\"}]},{\"@type\":\"WebSite\",\"@id\":\"https:\\\/\\\/www.cheminsdereves.fr\\\/#website\",\"url\":\"https:\\\/\\\/www.cheminsdereves.fr\\\/\",\"name\":\"Chemins de R\u00eaves\",\"description\":\"Un site consacr\u00e9 au mod\u00e9lisme ferroviaire\",\"publisher\":{\"@id\":\"https:\\\/\\\/www.cheminsdereves.fr\\\/#organization\"},\"potentialAction\":[{\"@type\":\"SearchAction\",\"target\":{\"@type\":\"EntryPoint\",\"urlTemplate\":\"https:\\\/\\\/www.cheminsdereves.fr\\\/?s={search_term_string}\"},\"query-input\":{\"@type\":\"PropertyValueSpecification\",\"valueRequired\":true,\"valueName\":\"search_term_string\"}}],\"inLanguage\":\"fr-FR\"},{\"@type\":\"Organization\",\"@id\":\"https:\\\/\\\/www.cheminsdereves.fr\\\/#organization\",\"name\":\"Chemins de R\u00eaves\",\"url\":\"https:\\\/\\\/www.cheminsdereves.fr\\\/\",\"logo\":{\"@type\":\"ImageObject\",\"inLanguage\":\"fr-FR\",\"@id\":\"https:\\\/\\\/www.cheminsdereves.fr\\\/#\\\/schema\\\/logo\\\/image\\\/\",\"url\":\"https:\\\/\\\/www.cheminsdereves.fr\\\/wp-content\\\/uploads\\\/2023\\\/05\\\/LogoBandeau.png\",\"contentUrl\":\"https:\\\/\\\/www.cheminsdereves.fr\\\/wp-content\\\/uploads\\\/2023\\\/05\\\/LogoBandeau.png\",\"width\":4871,\"height\":1000,\"caption\":\"Chemins de R\u00eaves\"},\"image\":{\"@id\":\"https:\\\/\\\/www.cheminsdereves.fr\\\/#\\\/schema\\\/logo\\\/image\\\/\"}}]}<\/script>\n<!-- \/ Yoast SEO plugin. -->","yoast_head_json":{"title":"12 paires de volets ajour\u00e9s 15 par 4.5 Mod\u00e8le 1 - Chemins de R\u00eaves","description":"12 paires de volets finement ajour\u00e9s permettant de d\u00e9corer et d\u00e9tailler les fa\u00e7ades de vos constructions pour vos d\u00e9cors, modules et r\u00e9seaux de mod\u00e9lisme ferroviaire","robots":{"index":"index","follow":"follow","max-snippet":"max-snippet:-1","max-image-preview":"max-image-preview:large","max-video-preview":"max-video-preview:-1"},"canonical":"https:\/\/www.cheminsdereves.fr\/index.php\/produit\/12-paires-volets-ajoures-15-par-4-5-modele-1\/","og_locale":"fr_FR","og_type":"article","og_title":"12 paires de volets ajour\u00e9s 15 par 4.5 Mod\u00e8le 1 - Chemins de R\u00eaves","og_description":"12 paires de volets finement ajour\u00e9s permettant de d\u00e9corer et d\u00e9tailler les fa\u00e7ades de vos constructions pour vos d\u00e9cors, modules et r\u00e9seaux de mod\u00e9lisme ferroviaire","og_url":"https:\/\/www.cheminsdereves.fr\/index.php\/produit\/12-paires-volets-ajoures-15-par-4-5-modele-1\/","og_site_name":"Chemins de R\u00eaves","article_modified_time":"2024-09-15T07:58:32+00:00","og_image":[{"width":320,"height":320,"url":"https:\/\/www.cheminsdereves.fr\/wp-content\/uploads\/2024\/05\/volets-15-par-4.5-mod-1-beige-rotated.jpg","type":"image\/jpeg"}],"twitter_card":"summary_large_image","twitter_misc":{"Dur\u00e9e de lecture estim\u00e9e":"1 minute"},"schema":{"@context":"https:\/\/schema.org","@graph":[{"@type":"WebPage","@id":"https:\/\/www.cheminsdereves.fr\/index.php\/produit\/12-paires-volets-ajoures-15-par-4-5-modele-1\/","url":"https:\/\/www.cheminsdereves.fr\/index.php\/produit\/12-paires-volets-ajoures-15-par-4-5-modele-1\/","name":"12 paires de volets ajour\u00e9s 15 par 4.5 Mod\u00e8le 1 - Chemins de R\u00eaves","isPartOf":{"@id":"https:\/\/www.cheminsdereves.fr\/#website"},"primaryImageOfPage":{"@id":"https:\/\/www.cheminsdereves.fr\/index.php\/produit\/12-paires-volets-ajoures-15-par-4-5-modele-1\/#primaryimage"},"image":{"@id":"https:\/\/www.cheminsdereves.fr\/index.php\/produit\/12-paires-volets-ajoures-15-par-4-5-modele-1\/#primaryimage"},"thumbnailUrl":"https:\/\/www.cheminsdereves.fr\/wp-content\/uploads\/2024\/05\/volets-15-par-4.5-mod-1-beige-rotated.jpg","datePublished":"2024-05-22T10:12:30+00:00","dateModified":"2024-09-15T07:58:32+00:00","description":"12 paires de volets finement ajour\u00e9s permettant de d\u00e9corer et d\u00e9tailler les fa\u00e7ades de vos constructions pour vos d\u00e9cors, modules et r\u00e9seaux de mod\u00e9lisme ferroviaire","breadcrumb":{"@id":"https:\/\/www.cheminsdereves.fr\/index.php\/produit\/12-paires-volets-ajoures-15-par-4-5-modele-1\/#breadcrumb"},"inLanguage":"fr-FR","potentialAction":[{"@type":"ReadAction","target":["https:\/\/www.cheminsdereves.fr\/index.php\/produit\/12-paires-volets-ajoures-15-par-4-5-modele-1\/"]}]},{"@type":"ImageObject","inLanguage":"fr-FR","@id":"https:\/\/www.cheminsdereves.fr\/index.php\/produit\/12-paires-volets-ajoures-15-par-4-5-modele-1\/#primaryimage","url":"https:\/\/www.cheminsdereves.fr\/wp-content\/uploads\/2024\/05\/volets-15-par-4.5-mod-1-beige-rotated.jpg","contentUrl":"https:\/\/www.cheminsdereves.fr\/wp-content\/uploads\/2024\/05\/volets-15-par-4.5-mod-1-beige-rotated.jpg","width":320,"height":320},{"@type":"BreadcrumbList","@id":"https:\/\/www.cheminsdereves.fr\/index.php\/produit\/12-paires-volets-ajoures-15-par-4-5-modele-1\/#breadcrumb","itemListElement":[{"@type":"ListItem","position":1,"name":"Accueil","item":"https:\/\/www.cheminsdereves.fr\/"},{"@type":"ListItem","position":2,"name":"Boutique","item":"https:\/\/www.cheminsdereves.fr\/index.php\/boutique-articles-modelisme-ferroviaire\/"},{"@type":"ListItem","position":3,"name":"12 paires de volets ajour\u00e9s 15 par 4.5 Mod\u00e8le 1"}]},{"@type":"WebSite","@id":"https:\/\/www.cheminsdereves.fr\/#website","url":"https:\/\/www.cheminsdereves.fr\/","name":"Chemins de R\u00eaves","description":"Un site consacr\u00e9 au mod\u00e9lisme ferroviaire","publisher":{"@id":"https:\/\/www.cheminsdereves.fr\/#organization"},"potentialAction":[{"@type":"SearchAction","target":{"@type":"EntryPoint","urlTemplate":"https:\/\/www.cheminsdereves.fr\/?s={search_term_string}"},"query-input":{"@type":"PropertyValueSpecification","valueRequired":true,"valueName":"search_term_string"}}],"inLanguage":"fr-FR"},{"@type":"Organization","@id":"https:\/\/www.cheminsdereves.fr\/#organization","name":"Chemins de R\u00eaves","url":"https:\/\/www.cheminsdereves.fr\/","logo":{"@type":"ImageObject","inLanguage":"fr-FR","@id":"https:\/\/www.cheminsdereves.fr\/#\/schema\/logo\/image\/","url":"https:\/\/www.cheminsdereves.fr\/wp-content\/uploads\/2023\/05\/LogoBandeau.png","contentUrl":"https:\/\/www.cheminsdereves.fr\/wp-content\/uploads\/2023\/05\/LogoBandeau.png","width":4871,"height":1000,"caption":"Chemins de R\u00eaves"},"image":{"@id":"https:\/\/www.cheminsdereves.fr\/#\/schema\/logo\/image\/"}}]}},"_links":{"self":[{"href":"https:\/\/www.cheminsdereves.fr\/index.php\/wp-json\/wp\/v2\/product\/9218","targetHints":{"allow":["GET"]}}],"collection":[{"href":"https:\/\/www.cheminsdereves.fr\/index.php\/wp-json\/wp\/v2\/product"}],"about":[{"href":"https:\/\/www.cheminsdereves.fr\/index.php\/wp-json\/wp\/v2\/types\/product"}],"replies":[{"embeddable":true,"href":"https:\/\/www.cheminsdereves.fr\/index.php\/wp-json\/wp\/v2\/comments?post=9218"}],"wp:featuredmedia":[{"embeddable":true,"href":"https:\/\/www.cheminsdereves.fr\/index.php\/wp-json\/wp\/v2\/media\/9667"}],"wp:attachment":[{"href":"https:\/\/www.cheminsdereves.fr\/index.php\/wp-json\/wp\/v2\/media?parent=9218"}],"wp:term":[{"taxonomy":"product_brand","embeddable":true,"href":"https:\/\/www.cheminsdereves.fr\/index.php\/wp-json\/wp\/v2\/product_brand?post=9218"},{"taxonomy":"product_cat","embeddable":true,"href":"https:\/\/www.cheminsdereves.fr\/index.php\/wp-json\/wp\/v2\/product_cat?post=9218"},{"taxonomy":"product_tag","embeddable":true,"href":"https:\/\/www.cheminsdereves.fr\/index.php\/wp-json\/wp\/v2\/product_tag?post=9218"}],"curies":[{"name":"wp","href":"https:\/\/api.w.org\/{rel}","templated":true}]}}